{"id":109,"date":"2021-12-17T14:08:33","date_gmt":"2021-12-17T14:08:33","guid":{"rendered":"https:\/\/www.parlautam.com\/en\/?post_type=dt_team&#038;p=109"},"modified":"2022-04-11T10:05:59","modified_gmt":"2022-04-11T07:05:59","slug":"arb-dr-canan-erdogan","status":"publish","type":"dt_team","link":"https:\/\/www.parlautam.com\/en\/team\/arb-dr-canan-erdogan\/","title":{"rendered":"Arb. Dr. Canan Erdo\u011fan"},"content":{"rendered":"\t\t<div data-elementor-type=\"wp-post\" data-elementor-id=\"109\" class=\"elementor elementor-109\">\n\t\t\t\t\t\t\t\t\t<section class=\"elementor-section elementor-top-section elementor-element elementor-element-325aed0 elementor-section-boxed elementor-section-height-default elementor-section-height-default\" data-id=\"325aed0\" data-element_type=\"section\">\n\t\t\t\t\t\t<div class=\"elementor-container elementor-column-gap-default\">\n\t\t\t\t\t<div class=\"elementor-column elementor-col-100 elementor-top-column elementor-element elementor-element-3b178eb\" data-id=\"3b178eb\" data-element_type=\"column\">\n\t\t\t<div class=\"elementor-widget-wrap elementor-element-populated\">\n\t\t\t\t\t\t\t\t<div class=\"elementor-element elementor-element-2a4c964 elementor-widget elementor-widget-theme-post-title elementor-page-title elementor-widget-heading\" data-id=\"2a4c964\" data-element_type=\"widget\" data-widget_type=\"theme-post-title.default\">\n\t\t\t\t<div class=\"elementor-widget-container\">\n\t\t\t<h1 class=\"elementor-heading-title elementor-size-default\">Arb. Dr. Canan Erdo\u011fan<\/h1>\t\t<\/div>\n\t\t\t\t<\/div>\n\t\t\t\t\t<\/div>\n\t\t<\/div>\n\t\t\t\t\t\t\t<\/div>\n\t\t<\/section>\n\t\t\t\t<section class=\"elementor-section elementor-top-section elementor-element elementor-element-42d7b41 elementor-section-boxed elementor-section-height-default elementor-section-height-default\" data-id=\"42d7b41\" data-element_type=\"section\">\n\t\t\t\t\t\t<div class=\"elementor-container elementor-column-gap-default\">\n\t\t\t\t\t<div class=\"elementor-column elementor-col-33 elementor-top-column elementor-element elementor-element-e53efba\" data-id=\"e53efba\" data-element_type=\"column\">\n\t\t\t<div class=\"elementor-widget-wrap elementor-element-populated\">\n\t\t\t\t\t\t\t\t<div class=\"elementor-element elementor-element-992ab87 elementor-position-top elementor-vertical-align-top elementor-widget elementor-widget-image-box\" data-id=\"992ab87\" data-element_type=\"widget\" data-widget_type=\"image-box.default\">\n\t\t\t\t<div class=\"elementor-widget-container\">\n\t\t\t<div class=\"elementor-image-box-wrapper\"><figure class=\"elementor-image-box-img\"><img loading=\"lazy\" decoding=\"async\" width=\"500\" height=\"500\" src=\"https:\/\/www.parlautam.com\/en\/wp-content\/uploads\/2021\/12\/cananerdogan.jpg\" class=\"attachment-full size-full\" alt=\"\" \/><\/figure><div class=\"elementor-image-box-content\"><h3 class=\"elementor-image-box-title\">Arb. Dr. Canan Erdo\u011fan<\/h3><p class=\"elementor-image-box-description\">+90 312 220 07 27<br>\n<\/p><\/div><\/div>\t\t<\/div>\n\t\t\t\t<\/div>\n\t\t\t\t\t<\/div>\n\t\t<\/div>\n\t\t\t\t<div class=\"elementor-column elementor-col-66 elementor-top-column elementor-element elementor-element-c35a0f7\" data-id=\"c35a0f7\" data-element_type=\"column\">\n\t\t\t<div class=\"elementor-widget-wrap elementor-element-populated\">\n\t\t\t\t\t\t\t\t<div class=\"elementor-element elementor-element-9c1a4f8 elementor-widget elementor-widget-text-editor\" data-id=\"9c1a4f8\" data-element_type=\"widget\" data-widget_type=\"text-editor.default\">\n\t\t\t\t<div class=\"elementor-widget-container\">\n\t\t\t\t\t\t\t<p>Mediator Dr. iur. Canan Erdo\u011fan graduated from Ankara Bilkent University Faculty of Law. She obtained her LL.M. (eur.) and PHD (Dr. iur.) degree from Ankara Y\u0131ld\u0131r\u0131m Beyaz\u0131t University of Munich She is currently working as assistant professor at Labor and Social Security Law Department of Ankara Yildirim Beyazit University Faculty of Law. She is an experience practitioner of alternative dispute resolution methods since 2016.<\/p>\t\t\t\t\t\t<\/div>\n\t\t\t\t<\/div>\n\t\t\t\t\t<\/div>\n\t\t<\/div>\n\t\t\t\t\t\t\t<\/div>\n\t\t<\/section>\n\t\t\t\t\t\t\t<\/div>\n\t\t","protected":false},"excerpt":{"rendered":"<p>Arb. Dr. Canan Erdo\u011fan +90 312 220 07 27 Mediator Dr. iur. Canan Erdo\u011fan graduated from Ankara Bilkent University Faculty of Law. She obtained her LL.M. (eur.) and PHD (Dr. iur.) degree from Ankara Y\u0131ld\u0131r\u0131m Beyaz\u0131t University of Munich She is currently working as assistant professor at Labor and Social Security Law Department of Ankara&hellip;<\/p>\n","protected":false},"featured_media":470,"comment_status":"closed","ping_status":"closed","template":"","dt_team_category":[],"class_list":["post-109","dt_team","type-dt_team","status-publish","has-post-thumbnail","hentry"],"_links":{"self":[{"href":"https:\/\/www.parlautam.com\/en\/wp-json\/wp\/v2\/dt_team\/109","targetHints":{"allow":["GET"]}}],"collection":[{"href":"https:\/\/www.parlautam.com\/en\/wp-json\/wp\/v2\/dt_team"}],"about":[{"href":"https:\/\/www.parlautam.com\/en\/wp-json\/wp\/v2\/types\/dt_team"}],"replies":[{"embeddable":true,"href":"https:\/\/www.parlautam.com\/en\/wp-json\/wp\/v2\/comments?post=109"}],"version-history":[{"count":7,"href":"https:\/\/www.parlautam.com\/en\/wp-json\/wp\/v2\/dt_team\/109\/revisions"}],"predecessor-version":[{"id":479,"href":"https:\/\/www.parlautam.com\/en\/wp-json\/wp\/v2\/dt_team\/109\/revisions\/479"}],"wp:featuredmedia":[{"embeddable":true,"href":"https:\/\/www.parlautam.com\/en\/wp-json\/wp\/v2\/media\/470"}],"wp:attachment":[{"href":"https:\/\/www.parlautam.com\/en\/wp-json\/wp\/v2\/media?parent=109"}],"wp:term":[{"taxonomy":"dt_team_category","embeddable":true,"href":"https:\/\/www.parlautam.com\/en\/wp-json\/wp\/v2\/dt_team_category?post=109"}],"curies":[{"name":"wp","href":"https:\/\/api.w.org\/{rel}","templated":true}]}}

Arb. Dr. Canan Erdoğan

<div data-elementor-type="wp-post" data-elementor-id="109" class="elementor elementor-109">
									<section class="elementor-section elementor-top-section elementor-element elementor-element-325aed0 elementor-section-boxed elementor-section-height-default elementor-section-height-default" data-id="325aed0" data-element_type="section">
						<div class="elementor-container elementor-column-gap-default">
					<div class="elementor-column elementor-col-100 elementor-top-column elementor-element elementor-element-3b178eb" data-id="3b178eb" data-element_type="column">
			<div class="elementor-widget-wrap elementor-element-populated">
								<div class="elementor-element elementor-element-2a4c964 elementor-widget elementor-widget-theme-post-title elementor-page-title elementor-widget-heading" data-id="2a4c964" data-element_type="widget" data-widget_type="theme-post-title.default">
				<div class="elementor-widget-container">
			<h1 class="elementor-heading-title elementor-size-default">Arb. Dr. Canan Erdoğan</h1>		</div>
				</div>
					</div>
		</div>
							</div>
		</section>
				<section class="elementor-section elementor-top-section elementor-element elementor-element-42d7b41 elementor-section-boxed elementor-section-height-default elementor-section-height-default" data-id="42d7b41" data-element_type="section">
						<div class="elementor-container elementor-column-gap-default">
					<div class="elementor-column elementor-col-33 elementor-top-column elementor-element elementor-element-e53efba" data-id="e53efba" data-element_type="column">
			<div class="elementor-widget-wrap elementor-element-populated">
								<div class="elementor-element elementor-element-992ab87 elementor-position-top elementor-vertical-align-top elementor-widget elementor-widget-image-box" data-id="992ab87" data-element_type="widget" data-widget_type="image-box.default">
				<div class="elementor-widget-container">
			<div class="elementor-image-box-wrapper"><figure class="elementor-image-box-img"><img loading="lazy" decoding="async" width="500" height="500" src="https://www.parlautam.com/en/wp-content/uploads/2021/12/cananerdogan.jpg" class="attachment-full size-full" alt="" /></figure><div class="elementor-image-box-content"><h3 class="elementor-image-box-title">Arb. Dr. Canan Erdoğan</h3><p class="elementor-image-box-description">+90 312 220 07 27<br>
</p></div></div>		</div>
				</div>
					</div>
		</div>
				<div class="elementor-column elementor-col-66 elementor-top-column elementor-element elementor-element-c35a0f7" data-id="c35a0f7" data-element_type="column">
			<div class="elementor-widget-wrap elementor-element-populated">
								<div class="elementor-element elementor-element-9c1a4f8 elementor-widget elementor-widget-text-editor" data-id="9c1a4f8" data-element_type="widget" data-widget_type="text-editor.default">
				<div class="elementor-widget-container">
							<p>Mediator Dr. iur. Canan Erdoğan graduated from Ankara Bilkent University Faculty of Law. She obtained her LL.M. (eur.) and PHD (Dr. iur.) degree from Ankara Yıldırım Beyazıt University of Munich She is currently working as assistant professor at Labor and Social Security Law Department of Ankara Yildirim Beyazit University Faculty of Law. She is an experience practitioner of alternative dispute resolution methods since 2016.</p>						</div>
				</div>
					</div>
		</div>
							</div>
		</section>
							</div>

<p>Arb. Dr. Canan Erdoğan +90 312 220 07 27 Mediator Dr. iur. Canan Erdoğan graduated from Ankara Bilkent University Faculty of Law. She obtained her LL.M. (eur.) and PHD (Dr. iur.) degree from Ankara Yıldırım Beyazıt University of Munich She is currently working as assistant professor at Labor and Social Security Law Department of Ankara&hellip;</p>
